{"id":2,"date":"2025-11-01T14:18:20","date_gmt":"2025-11-01T14:18:20","guid":{"rendered":"http:\/\/operationlasertag.fr\/?page_id=2"},"modified":"2026-02-24T14:00:28","modified_gmt":"2026-02-24T14:00:28","slug":"sample-page","status":"publish","type":"page","link":"https:\/\/operationlasertag.fr\/index.php\/sample-page\/","title":{"rendered":"Le concept"},"content":{"rendered":"\n<p>Contrairement au Laser Game traditionnel, le Laser Tag se joue principalement <strong>en plein air<\/strong>: dans un jardin, un parc, une for\u00eat ou m\u00eame <strong>sur votre terrain<\/strong>. Il peut aussi se jouer dans <strong>des lieux int\u00e9rieurs<\/strong> originaux et assez grands : une caserne, un centre de loisirs, une grange ou encore un gymnase..<\/p>\n\n\n\n<p>Cela permet de cr\u00e9er des <strong>battles immersives et dynamiques<\/strong>, adapt\u00e9es \u00e0 tous les \u00e2ges et \u00e0 tous les niveaux.<\/p>\n\n\n\n<p>Aucun projectile, aucune douleur, juste de l\u2019adr\u00e9naline, de la strat\u00e9gie et beaucoup de  fun!<\/p>\n\n\n\n<p><strong>Accessible d\u00e8s 7 ans<\/strong>, le laser tag est parfait pour des anniversaires, \u00e9v\u00e9nements d\u2019entreprise, team building, f\u00eates familiales ou entre amis, les \u00e9v\u00e9nements scolaires ou associatifs.<\/p>\n\n\n\n<p><\/p>\n\n\n\n<h2 class=\"wp-block-heading\">Les diff\u00e9rents modes de jeu <\/h2>\n\n\n\n<div class=\"wp-block-columns is-layout-flex wp-container-core-columns-is-layout-28f84493 wp-block-columns-is-layout-flex\">\n<div class=\"wp-block-column is-layout-flow wp-block-column-is-layout-flow\">\n<figure class=\"wp-block-image size-large\"><img loading=\"lazy\" decoding=\"async\" width=\"1024\" height=\"683\" src=\"https:\/\/operationlasertag.fr\/wp-content\/uploads\/2026\/02\/Soldats-en-mission-dans-un-corridor-brulant-1024x683.png\" alt=\"\" class=\"wp-image-168\" srcset=\"https:\/\/operationlasertag.fr\/wp-content\/uploads\/2026\/02\/Soldats-en-mission-dans-un-corridor-brulant-1024x683.png 1024w, https:\/\/operationlasertag.fr\/wp-content\/uploads\/2026\/02\/Soldats-en-mission-dans-un-corridor-brulant-300x200.png 300w, https:\/\/operationlasertag.fr\/wp-content\/uploads\/2026\/02\/Soldats-en-mission-dans-un-corridor-brulant-768x512.png 768w, https:\/\/operationlasertag.fr\/wp-content\/uploads\/2026\/02\/Soldats-en-mission-dans-un-corridor-brulant-360x240.png 360w, https:\/\/operationlasertag.fr\/wp-content\/uploads\/2026\/02\/Soldats-en-mission-dans-un-corridor-brulant.png 1536w\" sizes=\"auto, (max-width: 1024px) 100vw, 1024px\" \/><\/figure>\n\n\n\n<h4 class=\"wp-block-heading\">La Classique<\/h4>\n\n\n\n<p>Par \u00e9quipe de 2, 3, 4 ou 5, affrontez vos adversaires et marquez un maximum de points.<\/p>\n<\/div>\n\n\n\n<div class=\"wp-block-column is-layout-flow wp-block-column-is-layout-flow\">\n<figure class=\"wp-block-image size-large\"><img loading=\"lazy\" decoding=\"async\" width=\"1024\" height=\"683\" src=\"http:\/\/operationlasertag.fr\/wp-content\/uploads\/2026\/02\/Design-sans-titre-1024x683.png\" alt=\"\" class=\"wp-image-153\" srcset=\"https:\/\/operationlasertag.fr\/wp-content\/uploads\/2026\/02\/Design-sans-titre-1024x683.png 1024w, https:\/\/operationlasertag.fr\/wp-content\/uploads\/2026\/02\/Design-sans-titre-300x200.png 300w, https:\/\/operationlasertag.fr\/wp-content\/uploads\/2026\/02\/Design-sans-titre-768x512.png 768w, https:\/\/operationlasertag.fr\/wp-content\/uploads\/2026\/02\/Design-sans-titre-360x240.png 360w, https:\/\/operationlasertag.fr\/wp-content\/uploads\/2026\/02\/Design-sans-titre.png 1536w\" sizes=\"auto, (max-width: 1024px) 100vw, 1024px\" \/><\/figure>\n\n\n\n<h4 class=\"wp-block-heading\">Battle Royal<\/h4>\n\n\n\n<p>En solo ou en \u00e9quipe, les joueurs s&rsquo;affrontent librement et le dernier survivant l&#8217;emporte !<\/p>\n<\/div>\n\n\n\n<div class=\"wp-block-column is-layout-flow wp-block-column-is-layout-flow\">\n<figure class=\"wp-block-image size-large\"><img loading=\"lazy\" decoding=\"async\" width=\"1024\" height=\"683\" src=\"https:\/\/operationlasertag.fr\/wp-content\/uploads\/2026\/02\/Unknown-1024x683.jpg\" alt=\"\" class=\"wp-image-171\" srcset=\"https:\/\/operationlasertag.fr\/wp-content\/uploads\/2026\/02\/Unknown-1024x683.jpg 1024w, https:\/\/operationlasertag.fr\/wp-content\/uploads\/2026\/02\/Unknown-300x200.jpg 300w, https:\/\/operationlasertag.fr\/wp-content\/uploads\/2026\/02\/Unknown-768x512.jpg 768w, https:\/\/operationlasertag.fr\/wp-content\/uploads\/2026\/02\/Unknown-360x240.jpg 360w, https:\/\/operationlasertag.fr\/wp-content\/uploads\/2026\/02\/Unknown.jpg 1536w\" sizes=\"auto, (max-width: 1024px) 100vw, 1024px\" \/><\/figure>\n\n\n\n<h4 class=\"wp-block-heading\">Partie personnalis\u00e9e<\/h4>\n\n\n\n<p class=\"has-text-align-left\">Laissez libre cours \u00e0 votre imagination : capture de drapeaux, VIP&#8230; On en discute pour r\u00e9pondre \u00e0 vos attentes.<\/p>\n<\/div>\n<\/div>\n\n\n\n<p><\/p>\n","protected":false},"excerpt":{"rendered":"<p>Contrairement au Laser Game traditionnel, le Laser Tag se joue principalement en plein air: dans un jardin, un parc, une for\u00eat ou m\u00eame sur votre terrain. Il peut aussi se jouer dans des lieux int\u00e9rieurs originaux et assez grands : une caserne, un centre de loisirs, une grange ou encore [&hellip;]<\/p>\n","protected":false},"author":1,"featured_media":0,"parent":0,"menu_order":0,"comment_status":"closed","ping_status":"open","template":"","meta":{"footnotes":""},"class_list":["post-2","page","type-page","status-publish","hentry"],"_links":{"self":[{"href":"https:\/\/operationlasertag.fr\/index.php\/wp-json\/wp\/v2\/pages\/2","targetHints":{"allow":["GET"]}}],"collection":[{"href":"https:\/\/operationlasertag.fr\/index.php\/wp-json\/wp\/v2\/pages"}],"about":[{"href":"https:\/\/operationlasertag.fr\/index.php\/wp-json\/wp\/v2\/types\/page"}],"author":[{"embeddable":true,"href":"https:\/\/operationlasertag.fr\/index.php\/wp-json\/wp\/v2\/users\/1"}],"replies":[{"embeddable":true,"href":"https:\/\/operationlasertag.fr\/index.php\/wp-json\/wp\/v2\/comments?post=2"}],"version-history":[{"count":16,"href":"https:\/\/operationlasertag.fr\/index.php\/wp-json\/wp\/v2\/pages\/2\/revisions"}],"predecessor-version":[{"id":178,"href":"https:\/\/operationlasertag.fr\/index.php\/wp-json\/wp\/v2\/pages\/2\/revisions\/178"}],"wp:attachment":[{"href":"https:\/\/operationlasertag.fr\/index.php\/wp-json\/wp\/v2\/media?parent=2"}],"curies":[{"name":"wp","href":"https:\/\/api.w.org\/{rel}","templated":true}]}}